n divisor of 132 and 26202.
66
What is the greatest common divisor of 22 and 264?
22
Calculate the highest common factor of 144 and 192.
48
What is the highest common factor of 208 and 78?
26
Calculate the greatest common factor of 1805 and 285.
95
Calculate the highest common divisor of 6 and 2382.
6
Calculate the highest common factor of 6417 and 1395.
279
Calculate the highest common factor of 24 and 128.
8
Calculate the highest common divisor of 4386 and 2322.
258
Calculate the greatest common divisor of 442 and 136.
34
What is the highest common divisor of 468 and 2288?
52
Calculate the greatest common divisor of 174 and 6.
6
Calculate the highest common divisor of 56 and 4648.
56
What is the greatest common divisor of 4500 and 100?
100
What is the highest common divisor of 10 and 868?
2
Calculate the highest common factor of 3647 and 49.
7
What is the highest common divisor of 3782 and 2?
2
What is the highest common divisor of 88 and 11?
11
What is the greatest common factor of 16 and 32?
16
What is the greatest common factor of 360 and 915?
15
Calculate the highest common divisor of 54 and 258.
6
Calculate the greatest common divisor of 66 and 4983.
33
Calculate the greatest common divisor of 1659 and 79.
79
What is the highest common factor of 392 and 14?
14
What is the greatest common divisor of 45 and 345?
15
Calculate the highest common factor of 238 and 51.
17
What is the greatest common divisor of 7 and 448?
7
Calculate the greatest common divisor of 476 and 19754.
238
Calculate the highest common factor of 55 and 25.
5
What is the greatest common factor of 240 and 1000?
40
Calculate the highest common divisor of 11 and 22.
11
Calculate the highest common factor of 104 and 13.
13
Calculate the highest common divisor of 1458 and 3078.
162
Calculate the greatest common factor of 10 and 12890.
10
Calculate the highest common factor of 12521 and 38.
19
Calculate the greatest common divisor of 385 and 55.
55
What is the highest common divisor of 18 and 102?
6
What is the highest common factor of 306 and 561?
51
Calculate the greatest common divisor of 192 and 1248.
96
Calculate the greatest common divisor of 18067 and 29.
29
Calculate the greatest common factor of 2820 and 12.
12
What is the highest common factor of 103 and 13287?
103
What is the greatest common factor of 1323 and 27?
27
What is the highest common divisor of 1207 and 85?
17
Calculate the highest common divisor of 6435 and 234.
117
Calculate the greatest common factor of 497 and 1633.
71
What is the greatest common divisor of 27 and 864?
27
Calculate the highest common divisor of 42 and 13797.
21
Calculate the greatest common factor of 3311 and 154.
77
What is the greatest common divisor of 70 and 182?
14
Calculate the greatest common factor of 14 and 28378.
14
What is the highest common factor of 43 and 3053?
43
Calculate the highest common factor of 329 and 14.
7
What is the greatest common factor of 367 and 15047?
367
What is the highest common factor of 9 and 2304?
9
Calculate the highest common factor of 1450 and 87.
29
What is the greatest common divisor of 32 and 616?
8
Calculate the highest common divisor of 69 and 3.
3
What is the highest common divisor of 11 and 1419?
11
What is the highest common factor of 100 and 11075?
25
What is the greatest common divisor of 21330 and 45?
45
What is the highest common divisor of 214 and 428?
214
What is the greatest common divisor of 768 and 18?
6
What is the highest common factor of 864 and 24?
24
Calculate the highest common factor of 517 and 47.
47
What is the highest common divisor of 650 and 52?
26
Calculate the highest common divisor of 100 and 875.
25
Calculate the greatest common factor of 14576 and 16.
16
Calculate the highest common divisor of 3680 and 28.
4
What is the greatest common factor of 253 and 11?
11
Calculate the greatest common divisor of 8920 and 80.
40
What is the highest common divisor of 690 and 300?
30
Calculate the highest common factor of 676 and 2873.
169
Calculate the highest common divisor of 49 and 98.
49
What is the greatest common factor of 3 and 105?
3
What is the greatest common factor of 592 and 555?
37
Calculate the greatest common factor of 2130 and 30.
30
What is the greatest common divisor of 170 and 187?
17
What is the greatest common factor of 56 and 14?
14
What is the highest common factor of 425 and 325?
25
What is the highest common divisor of 160 and 50?
10
Calculate the greatest common divisor of 275 and 50.
25
Calculate the highest common factor of 42 and 8078.
14
Calculate the highest common factor of 100 and 100.
100
What is the greatest common factor of 40755 and 195?
195
Calculate the highest common divisor of 178 and 6497.
89
Calculate the highest common divisor of 25362 and 18.
18
Calculate the highest common divisor of 86 and 3397.
43
What is the greatest common factor of 23500 and 188?
188
Calculate the greatest common factor of 19 and 4769.
19
Calculate the greatest common divisor of 1391 and 214.
107
What is the greatest common factor of 19 and 551?
19
Calculate the highest common divisor of 22 and 2420.
22
Calculate the greatest common divisor of 53 and 159.
53
Calculate the greatest common divisor of 16 and 1072.
16
What is the greatest common factor of 621 and 54?
27
Calculate the highest common divisor of 174 and 6.
6
Calculate the highest common divisor of 70 and 175.
35
What is the greatest common factor of 38927 and 67?
67
Calculate the greatest common divisor of 28262 and 26.
26
Calculate the highest common divisor of 504 and 90.
18
What is the highest common factor of 1080 and 40?
40
Calculate the highest common factor of 258 and 172.
86
Calculate the greatest common divisor of 213 and 2201.
71
What is the greatest common divisor of 168 and 696?
24
Calculate the highest common factor of 423 and 18.
9
Calculate the highest common factor of 325 and 26.
13
Calculate the highest common factor of 30 and 768.
6
Calculate the highest common divisor of 703 and 407.
37
What is the highest common factor of 1 and 528?
1
Calculate the greatest common divisor of 30 and 60.
30
Calculate the greatest common factor of 5295 and 50.
5
Calculate the greatest common factor of 1380 and 420.
60
What is the greatest common divisor of 654 and 24?
6
Calculate the greatest common factor of 116 and 16.
4
Calculate the highest common divisor of 217 and 310.
31
Calculate the greatest common divisor of 15632 and 32.
16
What is the highest common factor of 221 and 34?
17
Calculate the greatest common factor of 610 and 20.
10
Calculate the highest common factor of 2364 and 228.
12
Calculate the greatest common factor of 10 and 310.
10
Calculate the highest common divisor of 882 and 1062.
18
What is the highest common factor of 1260 and 90?
90
What is the greatest common factor of 24 and 96?
24
What is the greatest common divisor of 198 and 858?
66
What is the highest common divisor of 12 and 204?
12
What is the greatest common factor of 551 and 58?
29
What is the highest common factor of 8 and 104?
8
What is the greatest common divisor of 11 and 649?
11
What is the highest common divisor of 116 and 44?
4
Calculate the greatest common divisor of 45 and 27.
9
What is the greatest common divisor of 55 and 66?
11
Calculate the highest common factor of 192 and 24.
24
What is the greatest common divisor of 40 and 22?
2
Calculate the highest common factor of 24 and 10.
2
Calculate the greatest common factor of 39 and 78.
39
What is the greatest common divisor of 935 and 10?
5
What is the greatest common factor of 321 and 214?
107
What is the greatest common divisor of 348 and 12?
12
What is the highest common factor of 101244 and 44?
44
What is the greatest common factor of 348 and 783?
87
Calculate the greatest common divisor of 5840 and 160.
80
What is the greatest common factor of 62 and 3658?
62
Calculate the greatest common factor of 2 and 34.
2
What is the greatest common divisor of 184 and 28?
4
Calculate the greatest common factor of 182 and 260.
26
What is the greatest common factor of 329 and 7?
7
Calculate the greatest common divisor of 336 and 924.
84
Calculate the highest common divisor of 30 and 10.
10
What is the highest common factor of 46 and 529?
23
What is the greates